by 236?
4
What is the remainder when 831 is divided by 49?
47
What is the remainder when 211 is divided by 43?
39
What is the remainder when 124 is divided by 71?
53
Calculate the remainder when 1425 is divided by 47.
15
Calculate the remainder when 311 is divided by 95.
26
Calculate the remainder when 312 is divided by 56.
32
What is the remainder when 10015 is divided by 21?
19
What is the remainder when 1321 is divided by 24?
1
Calculate the remainder when 165 is divided by 26.
9
Calculate the remainder when 29 is divided by 8.
5
Calculate the remainder when 144 is divided by 43.
15
Calculate the remainder when 288 is divided by 56.
8
What is the remainder when 671 is divided by 97?
89
What is the remainder when 423 is divided by 24?
15
What is the remainder when 1435 is divided by 20?
15
What is the remainder when 4645 is divided by 38?
9
What is the remainder when 45 is divided by 31?
14
Calculate the remainder when 125 is divided by 51.
23
What is the remainder when 128 is divided by 50?
28
What is the remainder when 1467 is divided by 104?
11
Calculate the remainder when 1638 is divided by 273.
0
Calculate the remainder when 15822 is divided by 23.
21
What is the remainder when 221 is divided by 52?
13
What is the remainder when 33 is divided by 20?
13
Calculate the remainder when 218 is divided by 65.
23
What is the remainder when 216 is divided by 109?
107
What is the remainder when 200 is divided by 56?
32
What is the remainder when 4972 is divided by 53?
43
Calculate the remainder when 803 is divided by 122.
71
Calculate the remainder when 62 is divided by 32.
30
What is the remainder when 607 is divided by 63?
40
Calculate the remainder when 519 is divided by 220.
79
What is the remainder when 215 is divided by 4?
3
What is the remainder when 1703 is divided by 15?
8
Calculate the remainder when 894 is divided by 17.
10
Calculate the remainder when 2618 is divided by 26.
18
Calculate the remainder when 138 is divided by 33.
6
Calculate the remainder when 8622 is divided by 15.
12
What is the remainder when 256 is divided by 220?
36
Calculate the remainder when 277 is divided by 137.
3
What is the remainder when 597 is divided by 205?
187
Calculate the remainder when 144 is divided by 80.
64
What is the remainder when 90 is divided by 16?
10
What is the remainder when 154 is divided by 29?
9
Calculate the remainder when 126 is divided by 13.
9
Calculate the remainder when 639 is divided by 8.
7
What is the remainder when 475 is divided by 69?
61
Calculate the remainder when 2591 is divided by 15.
11
What is the remainder when 1142 is divided by 190?
2
What is the remainder when 2571 is divided by 47?
33
Calculate the remainder when 10895 is divided by 29.
20
Calculate the remainder when 417 is divided by 10.
7
Calculate the remainder when 969 is divided by 129.
66
What is the remainder when 172 is divided by 37?
24
What is the remainder when 1311 is divided by 41?
40
Calculate the remainder when 50 is divided by 12.
2
Calculate the remainder when 17 is divided by 5.
2
What is the remainder when 46 is divided by 12?
10
What is the remainder when 14757 is divided by 90?
87
Calculate the remainder when 3851 is divided by 227.
219
What is the remainder when 242 is divided by 111?
20
Calculate the remainder when 5791 is divided by 9.
4
What is the remainder when 125 is divided by 17?
6
Calculate the remainder when 247 is divided by 62.
61
Calculate the remainder when 12 is divided by 8.
4
What is the remainder when 3909 is divided by 3897?
12
Calculate the remainder when 17 is divided by 13.
4
Calculate the remainder when 493 is divided by 21.
10
What is the remainder when 1472 is divided by 40?
32
What is the remainder when 9 is divided by 9?
0
What is the remainder when 238 is divided by 4?
2
Calculate the remainder when 2486 is divided by 52.
42
What is the remainder when 545 is divided by 505?
40
Calculate the remainder when 3080 is divided by 73.
14
What is the remainder when 124 is divided by 10?
4
What is the remainder when 337 is divided by 20?
17
Calculate the remainder when 513 is divided by 5.
3
What is the remainder when 397 is divided by 32?
13
What is the remainder when 469 is divided by 279?
190
Calculate the remainder when 126 is divided by 43.
40
Calculate the remainder when 156 is divided by 125.
31
Calculate the remainder when 4222 is divided by 177.
151
Calculate the remainder when 5206 is divided by 31.
29
What is the remainder when 119 is divided by 37?
8
What is the remainder when 213 is divided by 106?
1
Calculate the remainder when 310 is divided by 52.
50
Calculate the remainder when 403 is divided by 20.
3
What is the remainder when 56 is divided by 17?
5
What is the remainder when 79 is divided by 30?
19
Calculate the remainder when 2957 is divided by 29.
28
What is the remainder when 17912 is divided by 12?
8
Calculate the remainder when 85 is divided by 18.
13
What is the remainder when 286 is divided by 97?
92
Calculate the remainder when 7549 is divided by 64.
61
What is the remainder when 130 is divided by 11?
9
Calculate the remainder when 172 is divided by 58.
56
What is the remainder when 195 is divided by 5?
0
What is the remainder when 1436 is divided by 38?
30
What is the remainder when 347 is divided by 113?
8
What is the remainder when 129 is divided by 99?
30
Calculate the remainder when 108 is divided by 4.
0
Calculate the remainder when 1088 is divided by 344.
56
What is the remainder when 1404 is divided by 337?
56
What is the remainder when 53 is divided by 27?
26
Calculate the remainder when 4049 is divided by 252.
17
What is the remainder when 73 is divided by 49?
24
Calculate the remainder when 583 is divided by 73.
72
What is the remainder when 265 is divided by 28?
13
What is the remainder when 264 is divided by 71?
51
What is the remainder when 1524 is divided by 25?
24
Calculate the remainder when 141 is divided by 69.
3
What is the remainder when 69 is divided by 25?
19
Calculate the remainder when 59 is divided by 24.
11
What is the remainder when 60 is divided by 8?
4
What is the remainder when 1003 is divided by 39?
28
Calculate the remainder when 238 is divided by 68.
34
What is the remainder when 375 is divided by 14?
11
What is the remainder when 2916 is divided by 221?
43
What is the remainder when 1899 is divided by 631?
6
What is the remainder when 6717 is divided by 80?
77
What is the remainder when 940 is divided by 41?
38
Calculate the remainder when 490 is divided by 81.
4
What is the remainder when 99 is divided by 64?
35
What is the remainder when 4757 is divided by 19?
7
Calculate the remainder when 311 is divided by 63.
59
What is the remainder when 225 is divided by 61?
42
What is the remainder when 743 is divided by 62?
61
Calculate the remainder when 42 is divided by 19.
4
Calculate the remainder when 427 is divided by 109.
100
What is the remainder when 371 is divided by 32?
19
What is the remainder when 173 is divided by 68?
37
What is the remainder when 18 is divided by 4?
2
What is the remainder when 110 is divided by 31?
17
What is the remainder when 2827 is divided by 255?
22
What is the remainder when 386 is divided by 70?
36
Calculate the remainder when 8417 is divided by 12.
5
What is the remainder when 318 is divided by 8?
6
What is the remainder when 70106 is divided by 68?
66
What is the remainder when 176 is divided by 89?
87
Calculate the remainder when 183 is divided by 11.
7
Calculate the remainder when 89 is divided by 30.
29
What is the remainder when 571 is divided by 128?
59
Calculate the remainder when 2765 is divided by 154.
147
What is the remainder when 196 is divided by 91?
14
What is the remainder when 681 is divided by 36?
33
Calculate the remainder when 999 is divided by 40.
39
Calculate the remainder when 115 is divided by 13.
11
What is the remainder when 5089 is divided by 11?
7
Calculate the remainder when 1652 is divided by 16.
4
Calculate the remainder when 496 is divided by 124.
0
What is the remainder when 842 is divided by 13?
10
Calculate the remainder when 20 is divided by 8.
4
Calculate the remainder when 65 is divided by 11.
10
What is the remainder when 1044 is divided by 400?
244
What is the remainder when 2344 is div